{"id":7314,"date":"2022-03-24T00:03:00","date_gmt":"2022-03-23T21:03:00","guid":{"rendered":"https:\/\/avruparicik.com\/?page_id=7314"},"modified":"2022-04-18T23:29:06","modified_gmt":"2022-04-18T20:29:06","slug":"aktuel-faaliyetlerimiz","status":"publish","type":"page","link":"https:\/\/avruparicik.com\/?page_id=7314","title":{"rendered":"AKT\u00dcEL FAAL\u0130YETLER\u0130M\u0130Z"},"content":{"rendered":"<header class=\"entry-header-outer\">\n<div class=\"entry-header\">\n<h1 class=\"post-title entry-title\"><strong style=\"font-size: 16px;\">\u201c<em>Bir<\/em><em>\u00a0\u00d6\u011frenci de sen okut<\/em>\u201c<\/strong><span style=\"font-size: 16px; font-weight: 400;\">\u00a0kampanyam\u0131za sen de destek ol!<\/span><\/h1>\n<\/div>\n<\/header>\n<div class=\"entry-content entry clearfix\">\n<p>De\u011ferli Ri\u00e7ikliler, de\u011ferli dostlar\u0131m\u0131z,<\/p>\n<p>25.12.2021 tarihinde yapt\u0131\u011f\u0131m\u0131z 1. Ola\u011fan Genel Kurulumuzda yeni se\u00e7ilen Y\u00f6netm Kurulumuzun \u00f6n\u00fcm\u00fczdeki faaliyet d\u00f6neminde yapmasi gereken faaliyetlerle ilgili birtak\u0131m kararlar aldik. Bu kararlardan biri de maddi durumu iyi olmayan y\u00fcksek okul \u00f6\u011frencilerine burs verme ile ilgiliydi. Dernek y\u00f6netim kurulumuz al\u0131nan karar gere\u011fi b\u00f6yle bir faaliyeti y\u00fcr\u00fctmek amaciyla 30.01.2022 de Derne\u011fimizin Y\u00f6netim Kurulu, Istanbul Ricikliler Derne\u011fi Y\u00f6netim Kurulu ve K\u00f6y Muhtarinin da katildi\u011fi video konferansla bu konuda ortak bir faaliyetin y\u00fcr\u00fct\u00fclmesinde irade birli\u011fi olu\u015fturuldu.<br \/>\nBiz, al\u0131nan ortak karara uygun olarak Avrupa\u2019da bu kampanyayi ba\u015flat\u0131yoruz. Umut ederiz ki k\u0131sa s\u00fcre i\u00e7inde bu amacimiza ula\u015fabilmek i\u00e7in ba\u015fta Avrupa\u2019da ki Ri\u00e7ikliler olmak \u00fczere, dostlarimizdan da gerekli deste\u011fi sa\u011flar\u0131z. Herkesi bu \u00f6nemli kampanyamizin ba\u015far\u0131ya ula\u015fmas\u0131 i\u00e7in dayan\u0131\u015fmaya \u00e7a\u011f\u0131r\u0131yoruz !<\/p>\n<\/div>\n","protected":false},"excerpt":{"rendered":"<p>\u201cBir\u00a0\u00d6\u011frenci de sen okut\u201c\u00a0kampanyam\u0131za sen de destek ol! De\u011ferli Ri\u00e7ikliler, de\u011ferli dostlar\u0131m\u0131z, 25.12.2021 tarihinde yapt\u0131\u011f\u0131m\u0131z 1. Ola\u011fan Genel Kurulumuzda yeni se\u00e7ilen Y\u00f6netm Kurulumuzun \u00f6n\u00fcm\u00fczdeki faaliyet d\u00f6neminde yapmasi gereken faaliyetlerle ilgili birtak\u0131m kararlar aldik. Bu kararlardan biri de maddi durumu iyi olmayan y\u00fcksek okul \u00f6\u011frencilerine burs verme ile ilgiliydi. Dernek y\u00f6netim kurulumuz al\u0131nan karar gere\u011fi b\u00f6yle &hellip;<\/p>\n","protected":false},"author":1,"featured_media":7283,"parent":0,"menu_order":0,"comment_status":"closed","ping_status":"closed","template":"","meta":{"footnotes":""},"class_list":["post-7314","page","type-page","status-publish","has-post-thumbnail","hentry"],"_links":{"self":[{"href":"https:\/\/avruparicik.com\/index.php?rest_route=\/wp\/v2\/pages\/7314","targetHints":{"allow":["GET"]}}],"collection":[{"href":"https:\/\/avruparicik.com\/index.php?rest_route=\/wp\/v2\/pages"}],"about":[{"href":"https:\/\/avruparicik.com\/index.php?rest_route=\/wp\/v2\/types\/page"}],"author":[{"embeddable":true,"href":"https:\/\/avruparicik.com\/index.php?rest_route=\/wp\/v2\/users\/1"}],"replies":[{"embeddable":true,"href":"https:\/\/avruparicik.com\/index.php?rest_route=%2Fwp%2Fv2%2Fcomments&post=7314"}],"version-history":[{"count":6,"href":"https:\/\/avruparicik.com\/index.php?rest_route=\/wp\/v2\/pages\/7314\/revisions"}],"predecessor-version":[{"id":7467,"href":"https:\/\/avruparicik.com\/index.php?rest_route=\/wp\/v2\/pages\/7314\/revisions\/7467"}],"wp:featuredmedia":[{"embeddable":true,"href":"https:\/\/avruparicik.com\/index.php?rest_route=\/wp\/v2\/media\/7283"}],"wp:attachment":[{"href":"https:\/\/avruparicik.com\/index.php?rest_route=%2Fwp%2Fv2%2Fmedia&parent=7314"}],"curies":[{"name":"wp","href":"https:\/\/api.w.org\/{rel}","templated":true}]}}